{"id":288,"date":"2020-07-27T18:49:46","date_gmt":"2020-07-27T16:49:46","guid":{"rendered":"https:\/\/ecole-bregnier-cordon.blog.ac-lyon.fr\/wordpress\/?page_id=288"},"modified":"2023-03-14T11:06:20","modified_gmt":"2023-03-14T10:06:20","slug":"sinscrire-a-lecole","status":"publish","type":"page","link":"https:\/\/ecole-bregnier-cordon.blog.ac-lyon.fr\/wordpress\/infos-pratiques\/sinscrire-a-lecole\/","title":{"rendered":"S&rsquo;inscrire \u00e0 l&rsquo;\u00e9cole"},"content":{"rendered":"<div class=\"wp-block-image\">\n<figure class=\"aligncenter size-large is-resized\"><img decoding=\"async\" src=\"https:\/\/ecole-bregnier-cordon.blog.ac-lyon.fr\/wordpress\/wp-content\/uploads\/2020\/08\/cartable.png\" alt=\"\" class=\"wp-image-388\" width=\"180\" height=\"201\"\/><\/figure>\n<\/div>\n\n<div class=\"wp-block-image\">\n<figure class=\"aligncenter size-large is-resized\"><img decoding=\"async\" src=\"https:\/\/ecole-bregnier-cordon.blog.ac-lyon.fr\/wordpress\/wp-content\/uploads\/2020\/08\/kj.png\" alt=\"\" class=\"wp-image-416\" width=\"620\" height=\"49\"\/><\/figure>\n<\/div>\n\n\n<h4>\u00a0<\/h4>\n<h3 style=\"text-align: center;\"><span style=\"color: #b37643;\"><strong>Modalit\u00e9s d&rsquo;inscription\u00a0et d&rsquo;admission\u00a0\u00e0 l&rsquo;\u00e9cole primaire de Br\u00e9gnier-Cordon pour l&rsquo;ann\u00e9e scolaire 2023-2024<\/strong><\/span><\/h3>\n<p>\u00a0<\/p>\n<p><span style=\"text-decoration: underline;\"><strong>Sont concern\u00e9s:<\/strong><\/span><\/p>\n<ul style=\"list-style-type: circle;\">\n<li>Les enfants n\u00e9s en 2020 pour une rentr\u00e9e en petite section.<\/li>\n<li>Les enfants nouvellement arriv\u00e9s dans les communes de Br\u00e9gnier-Cordon, Izieu, Murs-et-G\u00e9ligneux.<\/li>\n<\/ul>\n<p><strong><span style=\"color: #004147;\">L&rsquo;inscription se fait dans un premier temps \u00e0 la mairie de Br\u00e9gnier-Cordon qui d\u00e9livrera un certificat d&rsquo;inscription aux parents sur pr\u00e9sentation des pi\u00e8ces suivantes\u00a0:<\/span><span class=\"Apple-converted-space\"><span style=\"color: #004147;\">\u00a0<\/span><br \/><\/span><\/strong><\/p>\n<ul>\n<li>Un justificatif de domicile de moins de 3 mois.<\/li>\n<li>Le livret de famille<\/li>\n<li>Le carnet de vaccination.<\/li>\n<\/ul>\n<p><span style=\"color: #004147;\"><span class=\"Apple-converted-space\" style=\"font-weight: bold;\">Ensuite l&rsquo;admission se fait\u00a0<\/span><b>\u00e0 l&rsquo;\u00e9cole primaire de Br\u00e9gnier-Cordon o\u00f9 il faudra prendre un rendez-vous avec la directrice de l&rsquo;\u00e9cole,\u00a0<\/b><span style=\"font-weight: 600;\">Mme\u00a0Gesler Isabelle, au\u00a0<\/span><strong>04.79.87.24.50 ou par mail\u00a0\u00e0 ce.0010613L@ac-lyon.fr.<br \/><span style=\"text-decoration: underline;\">Documents \u00e0 apporter le jour de l&rsquo;admission :<\/span><\/strong><\/span><\/p>\n<ul>\n<li>Le certificat d&rsquo;inscription d\u00e9livr\u00e9 par la mairie.<\/li>\n<li>Le carnet de sant\u00e9 de l&rsquo;enfant<\/li>\n<li>Le livret de famille<\/li>\n<li>Un extrait du jugement en cas de s\u00e9paration des parents<\/li>\n<li>Pour les enfants d\u00e9j\u00e0 scolaris\u00e9s, le certificat de radiation de l&rsquo;ancienne \u00e9cole.<\/li>\n<\/ul>\n<p><span style=\"color: #004147;\"><b>Vous retrouverez ci-dessous, la fiche de\u00a0<\/b><span style=\"font-weight: 600;\">renseignement qui est \u00e0 remplir et \u00e0 envoyer aux deux adresses suivantes :\u00a0<br \/><\/span>mairie@bregnier-cordon.fr\u00a0et ce.0010613L@ac-lyon.fr.<\/span><br \/><br \/>La fiche est sous format PDF interactif, vous pouvez la compl\u00e9ter directement depuis votre ordinateur en cliquant sur les champs \u00e0 remplir.<\/p>\n<p>\u00a0<\/p>\n\n\n<div class=\"ead-preview\"><div class=\"ead-document\" style=\"position: relative\"><div class=\"ead-iframe-wrapper\"><iframe src=\"\/\/docs.google.com\/viewer?url=https%3A%2F%2Fecole-bregnier-cordon.blog.ac-lyon.fr%2Fwordpress%2Fwp-content%2Fuploads%2F2020%2F08%2FPDF-Fiche-de-renseignement.pdf%3F1777735858&amp;embedded=true&amp;hl=en\" title=\"Document embarqu\u00e9\" class=\"ead-iframe\" style=\"width: 0px;height: 0px;border: none;visibility: hidden;\"><\/iframe><\/div>\t\t\t<div class=\"ead-document-loading\" style=\"width:100%;height:100%;position:absolute;left:0;top:0;z-index:10\">\n\t\t\t\t<div class=\"ead-loading-wrap\">\n\t\t\t\t\t<div class=\"ead-loading-main\">\n\t\t\t\t\t\t<div class=\"ead-loading\">\n\t\t\t\t\t\t\t<img decoding=\"async\" src=\"https:\/\/ecole-bregnier-cordon.blog.ac-lyon.fr\/wordpress\/wp-content\/plugins\/embed-any-document\/images\/loading.svg\" width=\"55\" height=\"55\" alt=\"Chargeur\">\n\t\t\t\t\t\t\t<span>En cours de chargement&hellip;<\/span>\n\t\t\t\t\t\t<\/div>\n\t\t\t\t\t<\/div>\n\t\t\t\t\t<div class=\"ead-loading-foot\">\n\t\t\t\t\t\t<div class=\"ead-loading-foot-title\">\n\t\t\t\t\t\t\t<img decoding=\"async\" src=\"https:\/\/ecole-bregnier-cordon.blog.ac-lyon.fr\/wordpress\/wp-content\/plugins\/embed-any-document\/images\/EAD-logo.svg\" alt=\"Logo EAD\" width=\"36\" height=\"23\"\/>\n\t\t\t\t\t\t\t<span>Cela prend trop de temps\u00a0?<\/span>\n\t\t\t\t\t\t<\/div>\n\t\t\t\t\t\t<p>\n\t\t\t\t\t\t\t<div class=\"ead-document-btn ead-reload-btn\" role=\"button\">\n\t\t\t\t\t\t\t\t<img decoding=\"async\" src=\"https:\/\/ecole-bregnier-cordon.blog.ac-lyon.fr\/wordpress\/wp-content\/plugins\/embed-any-document\/images\/reload.svg\" alt=\"Recharger\" width=\"12\" height=\"12\"\/> Recharger le document\t\t\t\t\t\t\t<\/div>\n\t\t\t\t\t\t\t<span>|<\/span>\n\t\t\t\t\t\t\t<a href=\"https:\/\/ecole-bregnier-cordon.blog.ac-lyon.fr\/wordpress\/wp-content\/uploads\/2020\/08\/PDF-Fiche-de-renseignement.pdf\" class=\"ead-document-btn\" target=\"_blank\">\n\t\t\t\t\t\t\t\t<img decoding=\"async\" src=\"https:\/\/ecole-bregnier-cordon.blog.ac-lyon.fr\/wordpress\/wp-content\/plugins\/embed-any-document\/images\/open.svg\" alt=\"Ouvert\" width=\"12\" height=\"12\"\/> Ouvrir dans un nouvel onglet\t\t\t\t\t\t\t<\/a>\n\t\t\t\t\t<\/div>\n\t\t\t\t<\/div>\n\t\t\t<\/div>\n\t\t<\/div><p class=\"embed_download\"><a href=\"https:\/\/ecole-bregnier-cordon.blog.ac-lyon.fr\/wordpress\/wp-content\/uploads\/2020\/08\/PDF-Fiche-de-renseignement.pdf\" download>T\u00e9l\u00e9charger la fiche de renseignement [334.30 KB] <\/a><\/p><\/div>\n\n\n<p><\/p>\n","protected":false},"excerpt":{"rendered":"<p>\u00a0 Modalit\u00e9s d&rsquo;inscription\u00a0et d&rsquo;admission\u00a0\u00e0 l&rsquo;\u00e9cole primaire de Br\u00e9gnier-Cordon pour l&rsquo;ann\u00e9e scolaire 2023-2024 \u00a0 Sont concern\u00e9s: Les enfants n\u00e9s en 2020 pour une rentr\u00e9e en petite section. Les enfants nouvellement arriv\u00e9s dans les communes de Br\u00e9gnier-Cordon, Izieu, Murs-et-G\u00e9ligneux. L&rsquo;inscription se fait dans un premier temps \u00e0 la mairie de Br\u00e9gnier-Cordon qui d\u00e9livrera un certificat d&rsquo;inscription aux&hellip;<a href=\"https:\/\/ecole-bregnier-cordon.blog.ac-lyon.fr\/wordpress\/infos-pratiques\/sinscrire-a-lecole\/\" class=\"more-link\">Continue reading <span class=\"screen-reader-text\">S&rsquo;inscrire \u00e0 l&rsquo;\u00e9cole<\/span><\/a><\/p>\n","protected":false},"author":6,"featured_media":0,"parent":250,"menu_order":0,"comment_status":"closed","ping_status":"closed","template":"page_fullwidth.php","meta":{"ngg_post_thumbnail":0,"_EventAllDay":false,"_EventTimezone":"","_EventStartDate":"","_EventEndDate":"","_EventStartDateUTC":"","_EventEndDateUTC":"","_EventShowMap":false,"_EventShowMapLink":false,"_EventURL":"","_EventCost":"","_EventCostDescription":"","_EventCurrencySymbol":"","_EventCurrencyCode":"","_EventCurrencyPosition":"","_EventDateTimeSeparator":"","_EventTimeRangeSeparator":"","_EventOrganizerID":[],"_EventVenueID":0,"_OrganizerEmail":"","_OrganizerPhone":"","_OrganizerWebsite":"","_VenueAddress":"","_VenueCity":"","_VenueCountry":"","_VenueProvince":"","_VenueZip":"","_VenuePhone":"","_VenueURL":"","_VenueStateProvince":"","_VenueLat":"","_VenueLng":"","footnotes":""},"class_list":["post-288","page","type-page","status-publish","hentry"],"_links":{"self":[{"href":"https:\/\/ecole-bregnier-cordon.blog.ac-lyon.fr\/wordpress\/wp-json\/wp\/v2\/pages\/288","targetHints":{"allow":["GET"]}}],"collection":[{"href":"https:\/\/ecole-bregnier-cordon.blog.ac-lyon.fr\/wordpress\/wp-json\/wp\/v2\/pages"}],"about":[{"href":"https:\/\/ecole-bregnier-cordon.blog.ac-lyon.fr\/wordpress\/wp-json\/wp\/v2\/types\/page"}],"author":[{"embeddable":true,"href":"https:\/\/ecole-bregnier-cordon.blog.ac-lyon.fr\/wordpress\/wp-json\/wp\/v2\/users\/6"}],"replies":[{"embeddable":true,"href":"https:\/\/ecole-bregnier-cordon.blog.ac-lyon.fr\/wordpress\/wp-json\/wp\/v2\/comments?post=288"}],"version-history":[{"count":16,"href":"https:\/\/ecole-bregnier-cordon.blog.ac-lyon.fr\/wordpress\/wp-json\/wp\/v2\/pages\/288\/revisions"}],"predecessor-version":[{"id":591,"href":"https:\/\/ecole-bregnier-cordon.blog.ac-lyon.fr\/wordpress\/wp-json\/wp\/v2\/pages\/288\/revisions\/591"}],"up":[{"embeddable":true,"href":"https:\/\/ecole-bregnier-cordon.blog.ac-lyon.fr\/wordpress\/wp-json\/wp\/v2\/pages\/250"}],"wp:attachment":[{"href":"https:\/\/ecole-bregnier-cordon.blog.ac-lyon.fr\/wordpress\/wp-json\/wp\/v2\/media?parent=288"}],"curies":[{"name":"wp","href":"https:\/\/api.w.org\/{rel}","templated":true}]}}