{"id":254,"date":"2020-07-27T17:12:11","date_gmt":"2020-07-27T15:12:11","guid":{"rendered":"https:\/\/ecole-bregnier-cordon.blog.ac-lyon.fr\/wordpress\/?page_id=254"},"modified":"2022-11-08T12:35:39","modified_gmt":"2022-11-08T11:35:39","slug":"contact","status":"publish","type":"page","link":"https:\/\/ecole-bregnier-cordon.blog.ac-lyon.fr\/wordpress\/contact\/","title":{"rendered":"Contact"},"content":{"rendered":"\n<p><span style=\"color:#004147\" class=\"tadv-color\"><strong>Nos coordonn\u00e9es :<\/strong> <\/span><\/p>\n\n\n\n<p><strong><span style=\"color:#b37643\" class=\"tadv-color\">Adresse :<\/span><\/strong> 812 rue de la Mairie, 01300 Br\u00e9gnier-Cordon<\/p>\n\n\n\n<p><strong><span style=\"color:#b37643\" class=\"tadv-color\">T\u00e9l\u00e9phone :<\/span> <\/strong>04.79.87.24.50<\/p>\n\n\n\n<p class=\"has-text-color\" style=\"color:#b37643\"><strong>Mail :<\/strong> <span style=\"color:#000000\" class=\"tadv-color\">ce.0010613l@ac-lyon.fr<\/span><\/p>\n\n\n\n<p><\/p>\n\n\n\n<p class=\"has-normal-font-size\"><strong><span style=\"color:#004147\" class=\"tadv-color\">Horaires d&rsquo;accueil<\/span><\/strong> <span style=\"color:#004147\" class=\"tadv-color\"><strong>des \u00e9l\u00e8ves<\/strong><\/span><\/p>\n\n\n<div class=\"wp-block-image\">\n<figure class=\"alignleft size-large is-resized\"><img decoding=\"async\" src=\"https:\/\/ecole-bregnier-cordon.blog.ac-lyon.fr\/wordpress\/wp-content\/uploads\/2020\/07\/Fichier-6.png\" alt=\"\" class=\"wp-image-316\" width=\"371\" height=\"250\" srcset=\"https:\/\/ecole-bregnier-cordon.blog.ac-lyon.fr\/wordpress\/wp-content\/uploads\/2020\/07\/Fichier-6.png 575w, https:\/\/ecole-bregnier-cordon.blog.ac-lyon.fr\/wordpress\/wp-content\/uploads\/2020\/07\/Fichier-6-300x202.png 300w\" sizes=\"(max-width: 371px) 100vw, 371px\" \/><\/figure>\n<\/div>\n\n\n<p><strong><span style=\"color:#b37643\" class=\"tadv-color\">Journ\u00e9e de d\u00e9charge de la directrice les <\/span><\/strong><strong><span style=\"color:#b37643\" class=\"tadv-color\">mardi<\/span><\/strong><strong><span style=\"color:#b37643\" class=\"tadv-color\">s<\/span><\/strong><\/p>\n","protected":false},"excerpt":{"rendered":"<p>Nos coordonn\u00e9es : Adresse : 812 rue de la Mairie, 01300 Br\u00e9gnier-Cordon T\u00e9l\u00e9phone : 04.79.87.24.50 Mail : ce.0010613l@ac-lyon.fr Horaires d&rsquo;accueil des \u00e9l\u00e8ves Journ\u00e9e de d\u00e9charge de la directrice les mardis<\/p>\n","protected":false},"author":6,"featured_media":0,"parent":0,"menu_order":0,"comment_status":"closed","ping_status":"closed","template":"","meta":{"ngg_post_thumbnail":0,"_EventAllDay":false,"_EventTimezone":"","_EventStartDate":"","_EventEndDate":"","_EventStartDateUTC":"","_EventEndDateUTC":"","_EventShowMap":false,"_EventShowMapLink":false,"_EventURL":"","_EventCost":"","_EventCostDescription":"","_EventCurrencySymbol":"","_EventCurrencyCode":"","_EventCurrencyPosition":"","_EventDateTimeSeparator":"","_EventTimeRangeSeparator":"","_EventOrganizerID":[],"_EventVenueID":0,"_OrganizerEmail":"","_OrganizerPhone":"","_OrganizerWebsite":"","_VenueAddress":"","_VenueCity":"","_VenueCountry":"","_VenueProvince":"","_VenueZip":"","_VenuePhone":"","_VenueURL":"","_VenueStateProvince":"","_VenueLat":"","_VenueLng":"","footnotes":""},"class_list":["post-254","page","type-page","status-publish","hentry"],"_links":{"self":[{"href":"https:\/\/ecole-bregnier-cordon.blog.ac-lyon.fr\/wordpress\/wp-json\/wp\/v2\/pages\/254","targetHints":{"allow":["GET"]}}],"collection":[{"href":"https:\/\/ecole-bregnier-cordon.blog.ac-lyon.fr\/wordpress\/wp-json\/wp\/v2\/pages"}],"about":[{"href":"https:\/\/ecole-bregnier-cordon.blog.ac-lyon.fr\/wordpress\/wp-json\/wp\/v2\/types\/page"}],"author":[{"embeddable":true,"href":"https:\/\/ecole-bregnier-cordon.blog.ac-lyon.fr\/wordpress\/wp-json\/wp\/v2\/users\/6"}],"replies":[{"embeddable":true,"href":"https:\/\/ecole-bregnier-cordon.blog.ac-lyon.fr\/wordpress\/wp-json\/wp\/v2\/comments?post=254"}],"version-history":[{"count":9,"href":"https:\/\/ecole-bregnier-cordon.blog.ac-lyon.fr\/wordpress\/wp-json\/wp\/v2\/pages\/254\/revisions"}],"predecessor-version":[{"id":589,"href":"https:\/\/ecole-bregnier-cordon.blog.ac-lyon.fr\/wordpress\/wp-json\/wp\/v2\/pages\/254\/revisions\/589"}],"wp:attachment":[{"href":"https:\/\/ecole-bregnier-cordon.blog.ac-lyon.fr\/wordpress\/wp-json\/wp\/v2\/media?parent=254"}],"curies":[{"name":"wp","href":"https:\/\/api.w.org\/{rel}","templated":true}]}}